n factor of 146 and 62561?
73
Calculate the greatest common factor of 2110 and 20678.
422
Calculate the greatest common divisor of 1485 and 22005.
135
Calculate the highest common divisor of 282025 and 725.
725
What is the highest common factor of 2214 and 12751?
41
Calculate the greatest common factor of 2289 and 327.
327
Calculate the greatest common divisor of 2014 and 35192.
106
Calculate the highest common factor of 708 and 108.
12
What is the greatest common divisor of 115 and 229310?
115
Calculate the highest common factor of 118 and 18703.
59
What is the greatest common divisor of 47 and 4173083?
47
Calculate the highest common divisor of 211156 and 44.
44
Calculate the highest common factor of 4644 and 1045416.
516
Calculate the greatest common factor of 16 and 59056.
16
What is the highest common divisor of 96 and 6024?
24
Calculate the highest common factor of 285 and 741.
57
Calculate the greatest common divisor of 345 and 36915.
345
Calculate the greatest common divisor of 1376 and 1056.
32
Calculate the greatest common divisor of 230400 and 40.
40
Calculate the greatest common factor of 31106 and 46508.
302
Calculate the highest common factor of 1627958 and 19.
19
What is the highest common divisor of 5083 and 115?
23
What is the highest common factor of 872 and 11227?
109
What is the highest common factor of 14816 and 62042?
926
What is the greatest common factor of 3174 and 150?
6
Calculate the greatest common factor of 168 and 4044.
12
What is the highest common divisor of 4706 and 533?
13
What is the greatest common divisor of 40071 and 14079?
1083
What is the greatest common factor of 1443 and 93906?
111
What is the greatest common divisor of 243356 and 3735?
83
What is the greatest common divisor of 34485 and 1210?
605
What is the highest common divisor of 617351 and 879?
293
Calculate the highest common factor of 1634242 and 115.
23
What is the highest common factor of 1938 and 173128?
646
What is the greatest common divisor of 172777 and 76450?
1529
Calculate the highest common divisor of 125973 and 27.
9
What is the highest common factor of 3320 and 7080?
40
Calculate the greatest common factor of 580 and 2940.
20
Calculate the greatest common factor of 68 and 241621.
17
What is the greatest common factor of 316134 and 7?
7
Calculate the highest common factor of 144 and 31104.
144
Calculate the greatest common factor of 92 and 36961.
23
Calculate the highest common divisor of 880 and 88.
88
What is the highest common factor of 442 and 9880?
26
What is the highest common factor of 231 and 2138235?
33
Calculate the greatest common factor of 62 and 127.
1
What is the greatest common factor of 4424 and 67624?
632
Calculate the highest common divisor of 490 and 79576.
98
Calculate the highest common factor of 256 and 15148.
4
What is the greatest common divisor of 82548 and 675?
9
What is the highest common divisor of 23032 and 74?
2
Calculate the greatest common divisor of 77 and 602833.
77
What is the highest common divisor of 9 and 1080099?
9
Calculate the greatest common factor of 13626773 and 503.
503
Calculate the greatest common factor of 14838131 and 77.
77
What is the highest common factor of 42537 and 132?
33
Calculate the highest common factor of 287 and 47033.
7
What is the greatest common factor of 1212 and 863247?
303
Calculate the greatest common divisor of 19008 and 121.
11
What is the greatest common divisor of 175083 and 34?
17
What is the greatest common factor of 1615 and 185630?
95
What is the highest common factor of 93738 and 204?
102
Calculate the greatest common divisor of 296 and 543974.
74
Calculate the greatest common divisor of 3738 and 167142.
534
What is the highest common factor of 19304 and 9272?
152
What is the highest common divisor of 245 and 10255?
35
Calculate the greatest common divisor of 48048 and 715.
143
Calculate the greatest common factor of 396 and 27918.
198
What is the greatest common divisor of 5 and 9655?
5
Calculate the greatest common divisor of 964476 and 162.
18
What is the greatest common divisor of 175 and 338450?
175
What is the highest common factor of 30 and 17310?
30
Calculate the greatest common divisor of 570002 and 1854.
206
What is the highest common factor of 7763705 and 265?
265
What is the greatest common factor of 619445 and 8015?
1145
Calculate the greatest common divisor of 14526 and 16678.
538
What is the highest common divisor of 211714 and 3034?
74
Calculate the greatest common factor of 192 and 419296.
32
Calculate the highest common divisor of 36 and 631608.
12
What is the highest common factor of 1552392 and 432?
216
Calculate the greatest common divisor of 1789906 and 184.
46
Calculate the highest common factor of 2480 and 1364.
124
Calculate the highest common factor of 27225 and 297.
99
Calculate the highest common factor of 26402 and 1842.
614
Calculate the highest common divisor of 250904 and 158.
158
What is the greatest common factor of 116727 and 195?
39
What is the highest common divisor of 1845 and 105657?
123
Calculate the greatest common divisor of 6604 and 3796.
52
Calculate the highest common factor of 7176 and 3354.
78
Calculate the highest common divisor of 190 and 667565.
95
Calculate the greatest common divisor of 12276 and 29964.
132
Calculate the greatest common divisor of 81955 and 6475.
185
What is the greatest common factor of 3872 and 10624?
32
What is the greatest common divisor of 261 and 18531?
261
Calculate the greatest common divisor of 800 and 1776800.
800
What is the greatest common factor of 1003 and 304499?
59
What is the highest common divisor of 500004 and 114?
114
What is the greatest common factor of 937390 and 40?
10
Calculate the greatest common divisor of 72 and 86584.
8
Calculate the greatest common divisor of 681989 and 340.
17
Calculate the highest common factor of 19064 and 7288.
8
Calculate the greatest common factor of 84 and 1955796.
12
Calculate the highest common divisor of 13153 and 7.
7
What is the greatest common factor of 2508 and 42324?
12
What is the highest common divisor of 57546 and 1946?
278
What is the highest common factor of 4 and 194280?
4
What is the greatest common factor of 3120 and 7440?
240
Calculate the highest common divisor of 490 and 10045.
245
Calculate the highest common factor of 12212 and 3408.
284
Calculate the greatest common factor of 30719 and 884.
221
Calculate the highest common divisor of 11021 and 1648.
103
Calculate the highest common factor of 568 and 24211.
71
What is the greatest common divisor of 16 and 84148?
4
What is the greatest common factor of 161352 and 2656?
664
What is the greatest common divisor of 248 and 352718?
62
Calculate the greatest common factor of 246026 and 10494.
1166
What is the highest common divisor of 380 and 418?
38
Calculate the highest common divisor of 480 and 389370.
30
Calculate the highest common divisor of 7861 and 28.
7
What is the greatest common factor of 12960 and 7520?
160
Calculate the greatest common factor of 872 and 13952.
872
Calculate the greatest common factor of 4544 and 1855088.
1136
Calculate the greatest common divisor of 19581 and 549.
183
Calculate the greatest common divisor of 219360 and 45.
15
Calculate the greatest common divisor of 663 and 132093.
39
Calculate the highest common divisor of 13833 and 583.
53
Calculate the greatest common divisor of 131812 and 868.
124
Calculate the highest common divisor of 156551 and 89.
89
Calculate the highest common divisor of 29925 and 266.
133
Calculate the highest common factor of 324456 and 176.
88
What is the greatest common factor of 38984 and 7128?
88
What is the greatest common factor of 1258647 and 354?
177
What is the greatest common factor of 722 and 997082?
722
Calculate the highest common factor of 231 and 64569.
3
What is the greatest common factor of 1088 and 212976?
272
Calculate the highest common divisor of 17048 and 40.
8
What is the highest common divisor of 711 and 160449?
237
What is the highest common factor of 39794 and 394?
394
Calculate the greatest common factor of 421555 and 590.
295
What is the greatest common factor of 91955 and 22525?
265
Calculate the greatest common factor of 2532 and 20045.
211
What is the greatest common divisor of 9